{"id":6,"date":"2023-11-21T14:29:56","date_gmt":"2023-11-21T11:29:56","guid":{"rendered":"http:\/\/tezreklam.com.tr\/?page_id=6"},"modified":"2025-02-04T21:14:39","modified_gmt":"2025-02-04T18:14:39","slug":"iletisim-2","status":"publish","type":"page","link":"https:\/\/tezreklam.com.tr\/?page_id=6","title":{"rendered":"\u0130LET\u0130\u015e\u0130M B\u0130LG\u0130LER\u0130M\u0130Z"},"content":{"rendered":"\n<p><strong>Tez Reklam Elektronik K\u0131rtasiye Tekstil ve G\u0131da San&nbsp;Ltd&nbsp;\u015eti<\/strong>.<\/p>\n\n\n\n<p> Kaz\u0131m Karabekir Caddesi Ba\u015fkent \u0130\u015f Merkezi, Nu.: 91\/54, 06290&nbsp;Alt\u0131nda\u011f\/Ankara<\/p>\n\n\n\n<p>\u0130RT\u0130BAT:<\/p>\n\n\n\n<p>  0 505 281 57 04<\/p>\n\n\n\n<p>Telefon : 0312 230 72 89<\/p>\n\n\n\n<p>Whatsapp Sipari\u015f Hatt\u0131:  0 531 840 55 90<\/p>\n\n\n\n<p><em>Instagram Sayfas\u0131 : <\/em><a href=\"https:\/\/www.instagram.com\/tezreklam?igsh=ODA1NTc5OTg5Nw%3D%3D&amp;utm_source=qr\" target=\"_blank\" rel=\"noopener\" title=\"\">https:\/\/www.instagram.com\/tezreklam?igsh=ODA1NTc5OTg5Nw%3D%3D&amp;utm_source=qr<\/a><\/p>\n","protected":false},"excerpt":{"rendered":"<p class=\"post-excerpt\">Tez Reklam Elektronik K\u0131rtasiye Tekstil ve G\u0131da San&nbsp;Ltd&nbsp;\u015eti. Kaz\u0131m Karabekir Caddesi Ba\u015fkent \u0130\u015f Merkezi, Nu.: 91\/54, 06290&nbsp;Alt\u0131nda\u011f\/Ankara \u0130RT\u0130BAT: 0 505&#8230;<\/p>\n","protected":false},"author":1,"featured_media":0,"parent":0,"menu_order":5,"comment_status":"closed","ping_status":"closed","template":"","meta":{"_monsterinsights_skip_tracking":false,"_monsterinsights_sitenote_active":false,"_monsterinsights_sitenote_note":"","_monsterinsights_sitenote_category":0,"footnotes":""},"aioseo_notices":[],"_links":{"self":[{"href":"https:\/\/tezreklam.com.tr\/index.php?rest_route=\/wp\/v2\/pages\/6"}],"collection":[{"href":"https:\/\/tezreklam.com.tr\/index.php?rest_route=\/wp\/v2\/pages"}],"about":[{"href":"https:\/\/tezreklam.com.tr\/index.php?rest_route=\/wp\/v2\/types\/page"}],"author":[{"embeddable":true,"href":"https:\/\/tezreklam.com.tr\/index.php?rest_route=\/wp\/v2\/users\/1"}],"replies":[{"embeddable":true,"href":"https:\/\/tezreklam.com.tr\/index.php?rest_route=%2Fwp%2Fv2%2Fcomments&post=6"}],"version-history":[{"count":4,"href":"https:\/\/tezreklam.com.tr\/index.php?rest_route=\/wp\/v2\/pages\/6\/revisions"}],"predecessor-version":[{"id":444,"href":"https:\/\/tezreklam.com.tr\/index.php?rest_route=\/wp\/v2\/pages\/6\/revisions\/444"}],"wp:attachment":[{"href":"https:\/\/tezreklam.com.tr\/index.php?rest_route=%2Fwp%2Fv2%2Fmedia&parent=6"}],"curies":[{"name":"wp","href":"https:\/\/api.w.org\/{rel}","templated":true}]}}