{"id":9,"date":"2024-01-11T23:54:10","date_gmt":"2024-01-11T20:54:10","guid":{"rendered":"http:\/\/tezreklam.com.tr\/?page_id=9"},"modified":"2024-01-11T23:59:00","modified_gmt":"2024-01-11T20:59:00","slug":"iadegeriodeme","status":"publish","type":"page","link":"https:\/\/tezreklam.com.tr\/?page_id=9","title":{"rendered":"JANDARMA E\u011e\u0130T\u0130M  TEFERRUAT"},"content":{"rendered":"\n<p><em>% 100 TPU &#8211; JANDARMA BR\u00d6VE Y\u00d6NERGES\u0130NE UYGUN. PARLAMA YAPMAZ  UZUN YILLAR FORMUNU BOZMADAN KULLANIMA SAH\u0130PT\u0130R.B\u0130R KEZ ALINIR. HEP KULLANILIR.<\/em><\/p>\n\n\n\n<figure class=\"wp-block-gallery has-nested-images columns-default is-cropped wp-block-gallery-1 is-layout-flex wp-block-gallery-is-layout-flex\">\n<figure class=\"wp-block-image size-large\"><img loading=\"lazy\" decoding=\"async\" width=\"600\" height=\"600\" data-id=\"415\" src=\"https:\/\/tezreklam.com.tr\/wp-content\/uploads\/2024\/01\/IMG-20240110-WA0039.jpg\" alt=\"\" class=\"wp-image-415\" srcset=\"https:\/\/tezreklam.com.tr\/wp-content\/uploads\/2024\/01\/IMG-20240110-WA0039.jpg 600w, https:\/\/tezreklam.com.tr\/wp-content\/uploads\/2024\/01\/IMG-20240110-WA0039-300x300.jpg 300w, https:\/\/tezreklam.com.tr\/wp-content\/uploads\/2024\/01\/IMG-20240110-WA0039-150x150.jpg 150w, https:\/\/tezreklam.com.tr\/wp-content\/uploads\/2024\/01\/IMG-20240110-WA0039-100x100.jpg 100w\" sizes=\"(max-width: 600px) 100vw, 600px\" \/><\/figure>\n\n\n\n<figure class=\"wp-block-image size-large\"><img loading=\"lazy\" decoding=\"async\" width=\"600\" height=\"600\" data-id=\"416\" src=\"https:\/\/tezreklam.com.tr\/wp-content\/uploads\/2024\/01\/IMG-20240110-WA0040.jpg\" alt=\"\" class=\"wp-image-416\" srcset=\"https:\/\/tezreklam.com.tr\/wp-content\/uploads\/2024\/01\/IMG-20240110-WA0040.jpg 600w, https:\/\/tezreklam.com.tr\/wp-content\/uploads\/2024\/01\/IMG-20240110-WA0040-300x300.jpg 300w, https:\/\/tezreklam.com.tr\/wp-content\/uploads\/2024\/01\/IMG-20240110-WA0040-150x150.jpg 150w, https:\/\/tezreklam.com.tr\/wp-content\/uploads\/2024\/01\/IMG-20240110-WA0040-100x100.jpg 100w\" sizes=\"(max-width: 600px) 100vw, 600px\" \/><\/figure>\n\n\n\n<figure class=\"wp-block-image size-large\"><img loading=\"lazy\" decoding=\"async\" width=\"600\" height=\"600\" data-id=\"420\" src=\"https:\/\/tezreklam.com.tr\/wp-content\/uploads\/2024\/01\/IMG-20240110-WA0042.jpg\" alt=\"\" class=\"wp-image-420\" srcset=\"https:\/\/tezreklam.com.tr\/wp-content\/uploads\/2024\/01\/IMG-20240110-WA0042.jpg 600w, https:\/\/tezreklam.com.tr\/wp-content\/uploads\/2024\/01\/IMG-20240110-WA0042-300x300.jpg 300w, https:\/\/tezreklam.com.tr\/wp-content\/uploads\/2024\/01\/IMG-20240110-WA0042-150x150.jpg 150w, https:\/\/tezreklam.com.tr\/wp-content\/uploads\/2024\/01\/IMG-20240110-WA0042-100x100.jpg 100w\" sizes=\"(max-width: 600px) 100vw, 600px\" \/><\/figure>\n\n\n\n<figure class=\"wp-block-image size-large\"><img loading=\"lazy\" decoding=\"async\" width=\"600\" height=\"600\" data-id=\"419\" src=\"https:\/\/tezreklam.com.tr\/wp-content\/uploads\/2024\/01\/IMG-20240110-WA0044.jpg\" alt=\"\" class=\"wp-image-419\" srcset=\"https:\/\/tezreklam.com.tr\/wp-content\/uploads\/2024\/01\/IMG-20240110-WA0044.jpg 600w, https:\/\/tezreklam.com.tr\/wp-content\/uploads\/2024\/01\/IMG-20240110-WA0044-300x300.jpg 300w, https:\/\/tezreklam.com.tr\/wp-content\/uploads\/2024\/01\/IMG-20240110-WA0044-150x150.jpg 150w, https:\/\/tezreklam.com.tr\/wp-content\/uploads\/2024\/01\/IMG-20240110-WA0044-100x100.jpg 100w\" sizes=\"(max-width: 600px) 100vw, 600px\" \/><\/figure>\n\n\n\n<figure class=\"wp-block-image size-large\"><img loading=\"lazy\" decoding=\"async\" width=\"600\" height=\"600\" data-id=\"424\" src=\"https:\/\/tezreklam.com.tr\/wp-content\/uploads\/2024\/01\/IMG-20240110-WA0048.jpg\" alt=\"\" class=\"wp-image-424\" srcset=\"https:\/\/tezreklam.com.tr\/wp-content\/uploads\/2024\/01\/IMG-20240110-WA0048.jpg 600w, https:\/\/tezreklam.com.tr\/wp-content\/uploads\/2024\/01\/IMG-20240110-WA0048-300x300.jpg 300w, https:\/\/tezreklam.com.tr\/wp-content\/uploads\/2024\/01\/IMG-20240110-WA0048-150x150.jpg 150w, https:\/\/tezreklam.com.tr\/wp-content\/uploads\/2024\/01\/IMG-20240110-WA0048-100x100.jpg 100w\" sizes=\"(max-width: 600px) 100vw, 600px\" \/><\/figure>\n\n\n\n<figure class=\"wp-block-image size-large\"><img loading=\"lazy\" decoding=\"async\" width=\"600\" height=\"600\" data-id=\"427\" src=\"https:\/\/tezreklam.com.tr\/wp-content\/uploads\/2024\/01\/IMG-20240110-WA0052.jpg\" alt=\"\" class=\"wp-image-427\" srcset=\"https:\/\/tezreklam.com.tr\/wp-content\/uploads\/2024\/01\/IMG-20240110-WA0052.jpg 600w, https:\/\/tezreklam.com.tr\/wp-content\/uploads\/2024\/01\/IMG-20240110-WA0052-300x300.jpg 300w, https:\/\/tezreklam.com.tr\/wp-content\/uploads\/2024\/01\/IMG-20240110-WA0052-150x150.jpg 150w, https:\/\/tezreklam.com.tr\/wp-content\/uploads\/2024\/01\/IMG-20240110-WA0052-100x100.jpg 100w\" sizes=\"(max-width: 600px) 100vw, 600px\" \/><\/figure>\n\n\n\n<figure class=\"wp-block-image size-large\"><img loading=\"lazy\" decoding=\"async\" width=\"600\" height=\"600\" data-id=\"429\" src=\"https:\/\/tezreklam.com.tr\/wp-content\/uploads\/2024\/01\/IMG-20240110-WA0053.jpg\" alt=\"\" class=\"wp-image-429\" srcset=\"https:\/\/tezreklam.com.tr\/wp-content\/uploads\/2024\/01\/IMG-20240110-WA0053.jpg 600w, https:\/\/tezreklam.com.tr\/wp-content\/uploads\/2024\/01\/IMG-20240110-WA0053-300x300.jpg 300w, https:\/\/tezreklam.com.tr\/wp-content\/uploads\/2024\/01\/IMG-20240110-WA0053-150x150.jpg 150w, https:\/\/tezreklam.com.tr\/wp-content\/uploads\/2024\/01\/IMG-20240110-WA0053-100x100.jpg 100w\" sizes=\"(max-width: 600px) 100vw, 600px\" \/><\/figure>\n\n\n\n<figure class=\"wp-block-image size-large\"><img loading=\"lazy\" decoding=\"async\" width=\"600\" height=\"600\" data-id=\"428\" src=\"https:\/\/tezreklam.com.tr\/wp-content\/uploads\/2024\/01\/IMG-20240110-WA0050.jpg\" alt=\"\" class=\"wp-image-428\" srcset=\"https:\/\/tezreklam.com.tr\/wp-content\/uploads\/2024\/01\/IMG-20240110-WA0050.jpg 600w, https:\/\/tezreklam.com.tr\/wp-content\/uploads\/2024\/01\/IMG-20240110-WA0050-300x300.jpg 300w, https:\/\/tezreklam.com.tr\/wp-content\/uploads\/2024\/01\/IMG-20240110-WA0050-150x150.jpg 150w, https:\/\/tezreklam.com.tr\/wp-content\/uploads\/2024\/01\/IMG-20240110-WA0050-100x100.jpg 100w\" sizes=\"(max-width: 600px) 100vw, 600px\" \/><\/figure>\n\n\n\n<figure class=\"wp-block-image size-large\"><img loading=\"lazy\" decoding=\"async\" width=\"600\" height=\"600\" data-id=\"426\" src=\"https:\/\/tezreklam.com.tr\/wp-content\/uploads\/2024\/01\/IMG-20240110-WA0051.jpg\" alt=\"\" class=\"wp-image-426\" srcset=\"https:\/\/tezreklam.com.tr\/wp-content\/uploads\/2024\/01\/IMG-20240110-WA0051.jpg 600w, https:\/\/tezreklam.com.tr\/wp-content\/uploads\/2024\/01\/IMG-20240110-WA0051-300x300.jpg 300w, https:\/\/tezreklam.com.tr\/wp-content\/uploads\/2024\/01\/IMG-20240110-WA0051-150x150.jpg 150w, https:\/\/tezreklam.com.tr\/wp-content\/uploads\/2024\/01\/IMG-20240110-WA0051-100x100.jpg 100w\" sizes=\"(max-width: 600px) 100vw, 600px\" \/><\/figure>\n\n\n\n<figure class=\"wp-block-image size-large\"><img loading=\"lazy\" decoding=\"async\" width=\"600\" height=\"600\" data-id=\"430\" src=\"https:\/\/tezreklam.com.tr\/wp-content\/uploads\/2024\/01\/IMG-20240110-WA0056.jpg\" alt=\"\" class=\"wp-image-430\" srcset=\"https:\/\/tezreklam.com.tr\/wp-content\/uploads\/2024\/01\/IMG-20240110-WA0056.jpg 600w, https:\/\/tezreklam.com.tr\/wp-content\/uploads\/2024\/01\/IMG-20240110-WA0056-300x300.jpg 300w, https:\/\/tezreklam.com.tr\/wp-content\/uploads\/2024\/01\/IMG-20240110-WA0056-150x150.jpg 150w, https:\/\/tezreklam.com.tr\/wp-content\/uploads\/2024\/01\/IMG-20240110-WA0056-100x100.jpg 100w\" sizes=\"(max-width: 600px) 100vw, 600px\" \/><\/figure>\n\n\n\n<figure class=\"wp-block-image size-large\"><img loading=\"lazy\" decoding=\"async\" width=\"600\" height=\"600\" data-id=\"431\" src=\"https:\/\/tezreklam.com.tr\/wp-content\/uploads\/2024\/01\/IMG-20240110-WA0057.jpg\" alt=\"\" class=\"wp-image-431\" srcset=\"https:\/\/tezreklam.com.tr\/wp-content\/uploads\/2024\/01\/IMG-20240110-WA0057.jpg 600w, https:\/\/tezreklam.com.tr\/wp-content\/uploads\/2024\/01\/IMG-20240110-WA0057-300x300.jpg 300w, https:\/\/tezreklam.com.tr\/wp-content\/uploads\/2024\/01\/IMG-20240110-WA0057-150x150.jpg 150w, https:\/\/tezreklam.com.tr\/wp-content\/uploads\/2024\/01\/IMG-20240110-WA0057-100x100.jpg 100w\" sizes=\"(max-width: 600px) 100vw, 600px\" \/><\/figure>\n\n\n\n<figure class=\"wp-block-image size-large\"><img loading=\"lazy\" decoding=\"async\" width=\"600\" height=\"600\" data-id=\"433\" src=\"https:\/\/tezreklam.com.tr\/wp-content\/uploads\/2024\/01\/IMG-20240110-WA0058.jpg\" alt=\"\" class=\"wp-image-433\" srcset=\"https:\/\/tezreklam.com.tr\/wp-content\/uploads\/2024\/01\/IMG-20240110-WA0058.jpg 600w, https:\/\/tezreklam.com.tr\/wp-content\/uploads\/2024\/01\/IMG-20240110-WA0058-300x300.jpg 300w, https:\/\/tezreklam.com.tr\/wp-content\/uploads\/2024\/01\/IMG-20240110-WA0058-150x150.jpg 150w, https:\/\/tezreklam.com.tr\/wp-content\/uploads\/2024\/01\/IMG-20240110-WA0058-100x100.jpg 100w\" sizes=\"(max-width: 600px) 100vw, 600px\" \/><\/figure>\n\n\n\n<figure class=\"wp-block-image size-large\"><img loading=\"lazy\" decoding=\"async\" width=\"600\" height=\"600\" data-id=\"432\" src=\"https:\/\/tezreklam.com.tr\/wp-content\/uploads\/2024\/01\/IMG-20240110-WA0059.jpg\" alt=\"\" class=\"wp-image-432\" srcset=\"https:\/\/tezreklam.com.tr\/wp-content\/uploads\/2024\/01\/IMG-20240110-WA0059.jpg 600w, https:\/\/tezreklam.com.tr\/wp-content\/uploads\/2024\/01\/IMG-20240110-WA0059-300x300.jpg 300w, https:\/\/tezreklam.com.tr\/wp-content\/uploads\/2024\/01\/IMG-20240110-WA0059-150x150.jpg 150w, https:\/\/tezreklam.com.tr\/wp-content\/uploads\/2024\/01\/IMG-20240110-WA0059-100x100.jpg 100w\" sizes=\"(max-width: 600px) 100vw, 600px\" \/><\/figure>\n\n\n\n<figure class=\"wp-block-image size-large\"><img loading=\"lazy\" decoding=\"async\" width=\"600\" height=\"600\" data-id=\"414\" src=\"https:\/\/tezreklam.com.tr\/wp-content\/uploads\/2024\/01\/IMG-20240110-WA0037.jpg\" alt=\"\" class=\"wp-image-414\" srcset=\"https:\/\/tezreklam.com.tr\/wp-content\/uploads\/2024\/01\/IMG-20240110-WA0037.jpg 600w, https:\/\/tezreklam.com.tr\/wp-content\/uploads\/2024\/01\/IMG-20240110-WA0037-300x300.jpg 300w, https:\/\/tezreklam.com.tr\/wp-content\/uploads\/2024\/01\/IMG-20240110-WA0037-150x150.jpg 150w, https:\/\/tezreklam.com.tr\/wp-content\/uploads\/2024\/01\/IMG-20240110-WA0037-100x100.jpg 100w\" sizes=\"(max-width: 600px) 100vw, 600px\" \/><\/figure>\n\n\n\n<figure class=\"wp-block-image size-large\"><img loading=\"lazy\" decoding=\"async\" width=\"600\" height=\"600\" data-id=\"417\" src=\"https:\/\/tezreklam.com.tr\/wp-content\/uploads\/2024\/01\/IMG-20240110-WA0041.jpg\" alt=\"\" class=\"wp-image-417\" srcset=\"https:\/\/tezreklam.com.tr\/wp-content\/uploads\/2024\/01\/IMG-20240110-WA0041.jpg 600w, https:\/\/tezreklam.com.tr\/wp-content\/uploads\/2024\/01\/IMG-20240110-WA0041-300x300.jpg 300w, https:\/\/tezreklam.com.tr\/wp-content\/uploads\/2024\/01\/IMG-20240110-WA0041-150x150.jpg 150w, https:\/\/tezreklam.com.tr\/wp-content\/uploads\/2024\/01\/IMG-20240110-WA0041-100x100.jpg 100w\" sizes=\"(max-width: 600px) 100vw, 600px\" \/><\/figure>\n\n\n\n<figure class=\"wp-block-image size-large\"><img loading=\"lazy\" decoding=\"async\" width=\"600\" height=\"600\" data-id=\"413\" src=\"https:\/\/tezreklam.com.tr\/wp-content\/uploads\/2024\/01\/IMG-20240110-WA0036.jpg\" alt=\"\" class=\"wp-image-413\" srcset=\"https:\/\/tezreklam.com.tr\/wp-content\/uploads\/2024\/01\/IMG-20240110-WA0036.jpg 600w, https:\/\/tezreklam.com.tr\/wp-content\/uploads\/2024\/01\/IMG-20240110-WA0036-300x300.jpg 300w, https:\/\/tezreklam.com.tr\/wp-content\/uploads\/2024\/01\/IMG-20240110-WA0036-150x150.jpg 150w, https:\/\/tezreklam.com.tr\/wp-content\/uploads\/2024\/01\/IMG-20240110-WA0036-100x100.jpg 100w\" sizes=\"(max-width: 600px) 100vw, 600px\" \/><\/figure>\n\n\n\n<figure class=\"wp-block-image size-large\"><img loading=\"lazy\" decoding=\"async\" width=\"600\" height=\"600\" data-id=\"412\" src=\"https:\/\/tezreklam.com.tr\/wp-content\/uploads\/2024\/01\/IMG-20240110-WA0038.jpg\" alt=\"\" class=\"wp-image-412\" srcset=\"https:\/\/tezreklam.com.tr\/wp-content\/uploads\/2024\/01\/IMG-20240110-WA0038.jpg 600w, https:\/\/tezreklam.com.tr\/wp-content\/uploads\/2024\/01\/IMG-20240110-WA0038-300x300.jpg 300w, https:\/\/tezreklam.com.tr\/wp-content\/uploads\/2024\/01\/IMG-20240110-WA0038-150x150.jpg 150w, https:\/\/tezreklam.com.tr\/wp-content\/uploads\/2024\/01\/IMG-20240110-WA0038-100x100.jpg 100w\" sizes=\"(max-width: 600px) 100vw, 600px\" \/><\/figure>\n\n\n\n<figure class=\"wp-block-image size-large\"><img loading=\"lazy\" decoding=\"async\" width=\"600\" height=\"600\" data-id=\"418\" src=\"https:\/\/tezreklam.com.tr\/wp-content\/uploads\/2024\/01\/IMG-20240110-WA0043.jpg\" alt=\"\" class=\"wp-image-418\" srcset=\"https:\/\/tezreklam.com.tr\/wp-content\/uploads\/2024\/01\/IMG-20240110-WA0043.jpg 600w, https:\/\/tezreklam.com.tr\/wp-content\/uploads\/2024\/01\/IMG-20240110-WA0043-300x300.jpg 300w, https:\/\/tezreklam.com.tr\/wp-content\/uploads\/2024\/01\/IMG-20240110-WA0043-150x150.jpg 150w, https:\/\/tezreklam.com.tr\/wp-content\/uploads\/2024\/01\/IMG-20240110-WA0043-100x100.jpg 100w\" sizes=\"(max-width: 600px) 100vw, 600px\" \/><\/figure>\n\n\n\n<figure class=\"wp-block-image size-large\"><img loading=\"lazy\" decoding=\"async\" width=\"600\" height=\"600\" data-id=\"421\" src=\"https:\/\/tezreklam.com.tr\/wp-content\/uploads\/2024\/01\/IMG-20240110-WA0045.jpg\" alt=\"\" class=\"wp-image-421\" srcset=\"https:\/\/tezreklam.com.tr\/wp-content\/uploads\/2024\/01\/IMG-20240110-WA0045.jpg 600w, https:\/\/tezreklam.com.tr\/wp-content\/uploads\/2024\/01\/IMG-20240110-WA0045-300x300.jpg 300w, https:\/\/tezreklam.com.tr\/wp-content\/uploads\/2024\/01\/IMG-20240110-WA0045-150x150.jpg 150w, https:\/\/tezreklam.com.tr\/wp-content\/uploads\/2024\/01\/IMG-20240110-WA0045-100x100.jpg 100w\" sizes=\"(max-width: 600px) 100vw, 600px\" \/><\/figure>\n\n\n\n<figure class=\"wp-block-image size-large\"><img loading=\"lazy\" decoding=\"async\" width=\"600\" height=\"600\" data-id=\"425\" src=\"https:\/\/tezreklam.com.tr\/wp-content\/uploads\/2024\/01\/IMG-20240110-WA0046.jpg\" alt=\"\" class=\"wp-image-425\" srcset=\"https:\/\/tezreklam.com.tr\/wp-content\/uploads\/2024\/01\/IMG-20240110-WA0046.jpg 600w, https:\/\/tezreklam.com.tr\/wp-content\/uploads\/2024\/01\/IMG-20240110-WA0046-300x300.jpg 300w, https:\/\/tezreklam.com.tr\/wp-content\/uploads\/2024\/01\/IMG-20240110-WA0046-150x150.jpg 150w, https:\/\/tezreklam.com.tr\/wp-content\/uploads\/2024\/01\/IMG-20240110-WA0046-100x100.jpg 100w\" sizes=\"(max-width: 600px) 100vw, 600px\" \/><\/figure>\n\n\n\n<figure class=\"wp-block-image size-large\"><img loading=\"lazy\" decoding=\"async\" width=\"600\" height=\"600\" data-id=\"422\" src=\"https:\/\/tezreklam.com.tr\/wp-content\/uploads\/2024\/01\/IMG-20240110-WA0047.jpg\" alt=\"\" class=\"wp-image-422\" srcset=\"https:\/\/tezreklam.com.tr\/wp-content\/uploads\/2024\/01\/IMG-20240110-WA0047.jpg 600w, https:\/\/tezreklam.com.tr\/wp-content\/uploads\/2024\/01\/IMG-20240110-WA0047-300x300.jpg 300w, https:\/\/tezreklam.com.tr\/wp-content\/uploads\/2024\/01\/IMG-20240110-WA0047-150x150.jpg 150w, https:\/\/tezreklam.com.tr\/wp-content\/uploads\/2024\/01\/IMG-20240110-WA0047-100x100.jpg 100w\" sizes=\"(max-width: 600px) 100vw, 600px\" \/><\/figure>\n\n\n\n<figure class=\"wp-block-image size-large\"><img loading=\"lazy\" decoding=\"async\" width=\"600\" height=\"600\" data-id=\"423\" src=\"https:\/\/tezreklam.com.tr\/wp-content\/uploads\/2024\/01\/IMG-20240110-WA0049.jpg\" alt=\"\" class=\"wp-image-423\" srcset=\"https:\/\/tezreklam.com.tr\/wp-content\/uploads\/2024\/01\/IMG-20240110-WA0049.jpg 600w, https:\/\/tezreklam.com.tr\/wp-content\/uploads\/2024\/01\/IMG-20240110-WA0049-300x300.jpg 300w, https:\/\/tezreklam.com.tr\/wp-content\/uploads\/2024\/01\/IMG-20240110-WA0049-150x150.jpg 150w, https:\/\/tezreklam.com.tr\/wp-content\/uploads\/2024\/01\/IMG-20240110-WA0049-100x100.jpg 100w\" sizes=\"(max-width: 600px) 100vw, 600px\" \/><\/figure>\n\n\n\n<figure class=\"wp-block-image size-full\"><img loading=\"lazy\" decoding=\"async\" width=\"600\" height=\"601\" data-id=\"436\" src=\"https:\/\/tezreklam.com.tr\/wp-content\/uploads\/2024\/01\/BINICI-2.jpg\" alt=\"\" class=\"wp-image-436\" srcset=\"https:\/\/tezreklam.com.tr\/wp-content\/uploads\/2024\/01\/BINICI-2.jpg 600w, https:\/\/tezreklam.com.tr\/wp-content\/uploads\/2024\/01\/BINICI-2-300x300.jpg 300w, https:\/\/tezreklam.com.tr\/wp-content\/uploads\/2024\/01\/BINICI-2-150x150.jpg 150w, https:\/\/tezreklam.com.tr\/wp-content\/uploads\/2024\/01\/BINICI-2-100x100.jpg 100w\" sizes=\"(max-width: 600px) 100vw, 600px\" \/><\/figure>\n\n\n\n<figure class=\"wp-block-image size-full\"><img loading=\"lazy\" decoding=\"async\" width=\"600\" height=\"602\" data-id=\"437\" src=\"https:\/\/tezreklam.com.tr\/wp-content\/uploads\/2024\/01\/OZEL-KUVVETLER-BROVE-KAMUFLAJ.jpg\" alt=\"\" class=\"wp-image-437\" srcset=\"https:\/\/tezreklam.com.tr\/wp-content\/uploads\/2024\/01\/OZEL-KUVVETLER-BROVE-KAMUFLAJ.jpg 600w, https:\/\/tezreklam.com.tr\/wp-content\/uploads\/2024\/01\/OZEL-KUVVETLER-BROVE-KAMUFLAJ-300x300.jpg 300w, https:\/\/tezreklam.com.tr\/wp-content\/uploads\/2024\/01\/OZEL-KUVVETLER-BROVE-KAMUFLAJ-150x150.jpg 150w, https:\/\/tezreklam.com.tr\/wp-content\/uploads\/2024\/01\/OZEL-KUVVETLER-BROVE-KAMUFLAJ-100x100.jpg 100w\" sizes=\"(max-width: 600px) 100vw, 600px\" \/><\/figure>\n<\/figure>\n","protected":false},"excerpt":{"rendered":"<p class=\"post-excerpt\">% 100 TPU &#8211; JANDARMA BR\u00d6VE Y\u00d6NERGES\u0130NE UYGUN. PARLAMA YAPMAZ UZUN YILLAR FORMUNU BOZMADAN KULLANIMA SAH\u0130PT\u0130R.B\u0130R KEZ ALINIR. HEP KULLANILIR.<\/p>\n","protected":false},"author":1,"featured_media":0,"parent":0,"menu_order":7,"comment_status":"closed","ping_status":"closed","template":"","meta":{"_monsterinsights_skip_tracking":false,"_monsterinsights_sitenote_active":false,"_monsterinsights_sitenote_note":"","_monsterinsights_sitenote_category":0,"footnotes":""},"aioseo_notices":[],"_links":{"self":[{"href":"https:\/\/tezreklam.com.tr\/index.php?rest_route=\/wp\/v2\/pages\/9"}],"collection":[{"href":"https:\/\/tezreklam.com.tr\/index.php?rest_route=\/wp\/v2\/pages"}],"about":[{"href":"https:\/\/tezreklam.com.tr\/index.php?rest_route=\/wp\/v2\/types\/page"}],"author":[{"embeddable":true,"href":"https:\/\/tezreklam.com.tr\/index.php?rest_route=\/wp\/v2\/users\/1"}],"replies":[{"embeddable":true,"href":"https:\/\/tezreklam.com.tr\/index.php?rest_route=%2Fwp%2Fv2%2Fcomments&post=9"}],"version-history":[{"count":2,"href":"https:\/\/tezreklam.com.tr\/index.php?rest_route=\/wp\/v2\/pages\/9\/revisions"}],"predecessor-version":[{"id":438,"href":"https:\/\/tezreklam.com.tr\/index.php?rest_route=\/wp\/v2\/pages\/9\/revisions\/438"}],"wp:attachment":[{"href":"https:\/\/tezreklam.com.tr\/index.php?rest_route=%2Fwp%2Fv2%2Fmedia&parent=9"}],"curies":[{"name":"wp","href":"https:\/\/api.w.org\/{rel}","templated":true}]}}